 is divided by 159.
151
What is the remainder when 6372 is divided by 61?
28
What is the remainder when 3689 is divided by 279?
62
What is the remainder when 19287 is divided by 114?
21
Calculate the remainder when 3064823 is divided by 43.
41
Calculate the remainder when 4142 is divided by 1378.
8
What is the remainder when 3862 is divided by 129?
121
Calculate the remainder when 16720 is divided by 113.
109
What is the remainder when 29191 is divided by 8?
7
Calculate the remainder when 13708 is divided by 259.
240
Calculate the remainder when 1717484 is divided by 38.
36
What is the remainder when 45605 is divided by 576?
101
Calculate the remainder when 24492 is divided by 662.
660
Calculate the remainder when 1569 is divided by 26.
9
Calculate the remainder when 984 is divided by 198.
192
What is the remainder when 58992 is divided by 115?
112
What is the remainder when 1272 is divided by 511?
250
What is the remainder when 352622 is divided by 155?
152
What is the remainder when 25504 is divided by 798?
766
What is the remainder when 2689 is divided by 29?
21
Calculate the remainder when 7623 is divided by 399.
42
What is the remainder when 48256 is divided by 24098?
60
Calculate the remainder when 233638 is divided by 19.
14
What is the remainder when 7543 is divided by 3723?
97
What is the remainder when 9901 is divided by 596?
365
What is the remainder when 18375 is divided by 24?
15
Calculate the remainder when 12970 is divided by 471.
253
Calculate the remainder when 22099 is divided by 34.
33
Calculate the remainder when 11276 is divided by 241.
190
What is the remainder when 353 is divided by 162?
29
What is the remainder when 285 is divided by 95?
0
What is the remainder when 14072 is divided by 1401?
62
Calculate the remainder when 13499 is divided by 843.
11
Calculate the remainder when 8292 is divided by 4125.
42
Calculate the remainder when 583 is divided by 343.
240
Calculate the remainder when 10815 is divided by 43.
22
Calculate the remainder when 1627 is divided by 295.
152
Calculate the remainder when 1710125 is divided by 22.
21
Calculate the remainder when 40527 is divided by 218.
197
What is the remainder when 1841 is divided by 608?
17
Calculate the remainder when 285823 is divided by 406.
405
What is the remainder when 786043 is divided by 89?
84
What is the remainder when 149607 is divided by 6?
3
Calculate the remainder when 6642 is divided by 1324.
22
Calculate the remainder when 81912 is divided by 60.
12
Calculate the remainder when 41677 is divided by 421.
419
Calculate the remainder when 27779 is divided by 60.
59
What is the remainder when 443288 is divided by 57?
56
What is the remainder when 24575 is divided by 64?
63
Calculate the remainder when 9012 is divided by 813.
69
Calculate the remainder when 3716 is divided by 120.
116
What is the remainder when 2870 is divided by 2725?
145
What is the remainder when 1918 is divided by 1911?
7
What is the remainder when 171318 is divided by 8?
6
Calculate the remainder when 4718 is divided by 276.
26
Calculate the remainder when 46661 is divided by 42.
41
What is the remainder when 672665 is divided by 66?
59
Calculate the remainder when 44869 is divided by 79.
76
What is the remainder when 3139133 is divided by 64?
61
Calculate the remainder when 8026 is divided by 671.
645
Calculate the remainder when 8702 is divided by 677.
578
Calculate the remainder when 161516 is divided by 26919.
2
Calculate the remainder when 4101 is divided by 4.
1
Calculate the remainder when 25444 is divided by 67.
51
Calculate the remainder when 38314 is divided by 213.
187
What is the remainder when 2601 is divided by 2593?
8
Calculate the remainder when 2994 is divided by 646.
410
Calculate the remainder when 3393 is divided by 53.
1
Calculate the remainder when 176641 is divided by 1536.
1
What is the remainder when 18042 is divided by 499?
78
What is the remainder when 3485655 is divided by 741?
732
Calculate the remainder when 1283 is divided by 178.
37
What is the remainder when 78787 is divided by 260?
7
Calculate the remainder when 19954 is divided by 28.
18
Calculate the remainder when 17547 is divided by 46.
21
Calculate the remainder when 40484 is divided by 9.
2
What is the remainder when 112082 is divided by 14?
12
What is the remainder when 2433 is divided by 46?
41
What is the remainder when 71330 is divided by 1426?
30
What is the remainder when 6186 is divided by 133?
68
Calculate the remainder when 48864 is divided by 1700.
1264
What is the remainder when 9602 is divided by 1594?
38
Calculate the remainder when 63447 is divided by 44.
43
Calculate the remainder when 2249 is divided by 44.
5
Calculate the remainder when 123083 is divided by 27.
17
Calculate the remainder when 9025 is divided by 1593.
1060
Calculate the remainder when 89722 is divided by 17.
13
What is the remainder when 49011 is divided by 9?
6
Calculate the remainder when 22445 is divided by 265.
185
Calculate the remainder when 10450 is divided by 31.
3
Calculate the remainder when 11999 is divided by 639.
497
What is the remainder when 11418 is divided by 21?
15
What is the remainder when 3781 is divided by 37?
7
Calculate the remainder when 166048 is divided by 86.
68
What is the remainder when 1978 is divided by 72?
34
Calculate the remainder when 96375 is divided by 31.
27
Calculate the remainder when 153645 is divided by 99.
96
What is the remainder when 22577 is divided by 92?
37
What is the remainder when 39675 is divided by 7930?
25
What is the remainder when 48424 is divided by 149?
148
What is the remainder when 62493 is divided by 590?
543
What is the remainder when 1710 is divided by 570?
0
What is the remainder when 10471 is divided by 334?
117
What is the remainder when 14223 is divided by 7107?
9
What is the remainder when 1652 is divided by 62?
40
What is the remainder when 3422 is divided by 669?
77
What is the remainder when 183997 is divided by 68?
57
What is the remainder when 1090 is divided by 140?
110
What is the remainder when 24093 is divided by 274?
255
What is the remainder when 28628 is divided by 45?
8
What is the remainder when 8021018 is divided by 29?
24
Calculate the remainder when 435172 is divided by 67.
7
Calculate the remainder when 59159 is divided by 170.
169
What is the remainder when 7152 is divided by 53?
50
Calculate the remainder when 51246 is divided by 54.
0
What is the remainder when 33755 is divided by 8435?
15
Calculate the remainder when 214439 is divided by 196.
15
What is the remainder when 13115582 is divided by 235?
232
Calculate the remainder when 176679 is divided by 56.
55
Calculate the remainder when 746354 is divided by 463.
461
What is the remainder when 12212 is divided by 4014?
170
What is the remainder when 68053 is divided by 34017?
19
What is the remainder when 155507 is divided by 55?
22
Calculate the remainder when 3537 is divided by 1161.
54
Calculate the remainder when 1689 is divided by 20.
9
Calculate the remainder when 131428 is divided by 600.
28
What is the remainder when 84050 is divided by 12005?
15
What is the remainder when 8228 is divided by 92?
40
What is the remainder when 3108 is divided by 395?
343
What is the remainder when 99668 is divided by 19914?
98
What is the remainder when 11011 is divided by 972?
319
Calculate the remainder when 204770 is divided by 369.
344
What is the remainder when 91898 is divided by 13126?
16
What is the remainder when 54731 is divided by 251?
13
Calculate the remainder when 14927 is divided by 383.
373
Calculate the remainder when 128983 is divided by 286.
283
What is the remainder when 17740 is divided by 1276?
1152
Calculate the remainder when 1486518 is divided by 140.
138
Calculate the remainder when 78618 is divided by 633.
126
Calculate the remainder when 460492 is divided by 92096.
12
What is the remainder when 1351047 is divided by 24?
15
What is the remainder when 28059 is divided by 9349?
12
Calculate the remainder when 345 is divided by 198.
147
Calculate the remainder when 3055 is divided by 1512.
31
What is the remainder when 3006 is divided by 273?
3
What is the remainder when 676 is divided by 558?
118
What is the remainder when 15466 is divided by 1246?
514
Calculat